q(c) = c**2 + 15*c + 51. What is q(-10)?
1
Let p(s) = s**3 + 12*s**2 + 2*s + 16. Give p(-12).
-8
Let l(f) = -f**3 + 21*f**2 - 2. Determine l(21).
-2
Let b(x) = x**3 - 12*x**2 + 20*x + 11. Give b(10).
11
Let d(u) = u**2 - 21*u + 24. Determine d(18).
-30
Let p(m) = -m**3 - 21*m**2 + 22*m - 13. Determine p(-22).
-13
Let d(t) = -t**3 - 9*t**2 + 8*t - 12. Determine d(-10).
8
Let k(y) = y**3 + 13*y**2 - 8. What is k(-13)?
-8
Let w(d) = -d**3 - 15*d**2 - 18*d - 47. What is w(-14)?
9
Let r(a) = 96*a - 283. Calculate r(3).
5
Let t(n) = -12*n**3 - n**2 + 2*n + 4. Give t(-1).
13
Let c(h) = -h**3 + 22*h**2 - 42*h + 38. What is c(20)?
-2
Let q(j) = -j**3 + 2*j**2 + 5*j - 10. Determine q(-4).
66
Let d(v) = 15*v - 18. Determine d(2).
12
Let a(n) = -10*n + 37. Determine a(6).
-23
Let f(h) = -3*h**3 - 2*h**2 + 5*h - 3. Calculate f(1).
-3
Let f(q) = 6*q - 8. Calculate f(5).
22
Let m(b) = -b**3 + 21*b**2 + 4*b + 49. Calculate m(21).
133
Let u(g) = -23*g**2 + 8*g + 1. Determine u(2).
-75
Let v(l) = l**3 + 6*l**2 + 6*l - 2. What is v(-4)?
6
Let y(n) = 5*n + 15. Calculate y(4).
35
Let m(u) = -7*u - 142. Calculate m(-24).
26
Let o(a) = -3*a**2 + 8*a - 2. What is o(6)?
-62
Let z(v) = -3*v - 33. Give z(-17).
18
Let k(i) = i**3 + 26*i**2 - 30*i - 92. Determine k(-27).
-11
Let k(f) = -f**3 + 32*f**2 - 32*f + 21. Give k(31).
-10
Let q(w) = -9*w - 2. Determine q(-4).
34
Let s(i) = -i**2 - 10*i + 37. What is s(-13)?
-2
Let r(o) = 9*o**3 + 4*o**2 + 4*o + 3. Calculate r(-2).
-61
Let z(c) = -c**3 - 12*c**2 - c + 37. Determine z(-12).
49
Let b(f) = 13*f + 79. Give b(-6).
1
Let o(a) = -a**3 + 8*a**2 - 13*a - 5. Give o(6).
-11
Let a(f) = f**3 + 8*f**2 - 8. Give a(-8).
-8
Let w(d) = d**2 + 18*d + 9. Determine w(-15).
-36
Let b(v) = v**3 + 7*v**2 + 4*v. Determine b(-4).
32
Let x(u) = u**2 + 22*u - 17. Give x(-22).
-17
Let b(m) = -m**3 + 6*m**2 - 11*m - 4. Determine b(5).
-34
Let s(z) = z**2 + 3*z + 12. Determine s(-9).
66
Let y(k) = -k**2 + 14*k + 102. What is y(20)?
-18
Let b(v) = -21*v + 5. What is b(0)?
5
Let m(c) = -5*c**2 - 26*c + 1. Give m(-5).
6
Let c(a) = -2*a**2 - 3*a + 3. Give c(2).
-11
Let g(p) = 11*p**3 - 5*p**2 + 6*p - 2. Calculate g(1).
10
Let q(s) = -s - 8. Calculate q(7).
-15
Let j(i) = 13*i**2 + 10*i - 1. Give j(-2).
31
Let l(i) = 17*i - 126. Give l(0).
-126
Let d(n) = n**2 + 16*n - 470. Give d(15).
-5
Let f(g) = -g**2 - 3*g + 43. What is f(-8)?
3
Let s(v) = v**3 - v**2 - v - 52. Calculate s(0).
-52
Let n(h) = -40*h + 11. Give n(-3).
131
Let y(z) = -z**2 + 13*z - 31. Determine y(7).
11
Let v(t) = -t**2 + 155*t - 306. Calculate v(2).
0
Let p(o) = -o**3 + 2*o + 15. Give p(0).
15
Let x(j) = -6*j**2 + 2. What is x(1)?
-4
Let d(w) = 7*w + 8. What is d(4)?
36
Let p(a) = 9*a + 130. Calculate p(-14).
4
Let j(u) = -u**3 - u**2 + u + 4. Determine j(0).
4
Let m(o) = -o**2 - 6*o + 69. Calculate m(7).
-22
Let z(y) = 6*y + 28. Give z(-6).
-8
Let n(k) = 9*k**2 + 1. Calculate n(-1).
10
Let b(w) = w**2 - 29. What is b(10)?
71
Let s(y) = 2*y**3 + y**2. Give s(-2).
-12
Let c(z) = -z**3 + 6*z**2 + 8*z - 5. Calculate c(7).
2
Let q(x) = -4*x**2 - 41*x - 26. Give q(-10).
-16
Let d(q) = -q**3 + 2*q + 25. What is d(0)?
25
Let m(v) = -5*v - 100. Determine m(-20).
0
Let w(u) = -u**2 + 26*u - 126. What is w(10)?
34
Let l(z) = z**3 - 9*z**2 + 6*z + 5. What is l(8)?
-11
Let f(n) = -3*n**3 + n**2 - 3*n - 3. Determine f(-1).
4
Let n(l) = -l - 41. What is n(-29)?
-12
Let i(c) = c**2 + 25*c + 157. Give i(-14).
3
Let y(p) = p**3 + 23*p**2 - 25*p - 37. Calculate y(-24).
-13
Let o(b) = 2*b**2 + 2*b + 1. Determine o(-3).
13
Let w(p) = 3*p - 13. What is w(4)?
-1
Let w(k) = -3*k - 47. What is w(-22)?
19
Let s(c) = -c**3 + 13*c**2 - 42*c + 11. Determine s(8).
-5
Let r(c) = -c**2 - 3*c + 35. Calculate r(5).
-5
Let m(v) = v**2 + 11*v - 12. Calculate m(-13).
14
Let k(q) = -q + 35. Determine k(36).
-1
Let j(d) = d**3 + 23*d**2 + 2*d - 19. Calculate j(-23).
-65
Let m(c) = -c**3 - 8*c**2 + 5*c + 58. Calculate m(-8).
18
Let a(d) = -19*d**2 - d + 5. Determine a(-3).
-163
Let x(v) = 2*v + 13. Calculate x(-8).
-3
Let r(a) = 2*a**2 + 38*a + 38. Give r(-21).
122
Let c(n) = 6*n**2 + 15*n - 15. What is c(1)?
6
Let i(w) = -3*w**3 + w**2 - w - 1. Determine i(-1).
4
Let f(s) = 2*s**2 - 15*s - 22. Calculate f(12).
86
Let f(u) = 3*u**3 - 18*u**2 - u + 7. Determine f(6).
1
Let n(d) = 2*d**2 + 3*d - 5. Calculate n(-4).
15
Let y(t) = t + 15. Calculate y(-12).
3
Let h(a) = 4*a + 23. What is h(-5)?
3
Let i(m) = -3*m + 44. Determine i(29).
-43
Let i(s) = -3*s**2 + 11*s + 7. Determine i(5).
-13
Let w(l) = l**3 + 18*l**2 - 23*l - 30. Give w(-19).
46
Let h(l) = -l**3 + 23*l**2 - 3*l - 11. Determine h(23).
-80
Let w(x) = -3*x**3 + 3*x**2 - 2*x + 1. Give w(2).
-15
Let j(u) = u**2 + 15*u + 14. Give j(-14).
0
Let r(y) = y**2 - 7*y + 10. Calculate r(5).
0
Let w(j) = -2*j**2 - 2*j - 2. Calculate w(-2).
-6
Let y(k) = -54*k - 1949. Determine y(-36).
-5
Let c(r) = -2*r**2 + 4*r + 2. What is c(4)?
-14
Let d(p) = -p**3 + 2*p**2 - 8*p - 14. Determine d(-2).
18
Let f(n) = 18*n - 478. What is f(27)?
8
Let u(k) = k**3 + 8*k**2 + 3. Calculate u(-8).
3
Let i(s) = -2*s**3 - 67. Calculate i(0).
-67
Let c(s) = 8*s**2 + 46*s - 7. What is c(-6)?
5
Let x(b) = b**3 + 13*b**2 + 9*b + 1. Calculate x(-12).
37
Let y(i) = -i + 11. Calculate y(-5).
16
Let h(p) = p**2 + 14*p + 7. Determine h(-14).
7
Let v(g) = -g**3 + 4*g**2 + 3*g - 2. What is v(4)?
10
Let w(b) = -b**3 - 4*b**2 - b - 7. Determine w(-4).
-3
Let v(u) = 3*u + 17. Give v(-11).
-16
Let b(h) = -h**3 - 2*h + 1. Determine b(2).
-11
Let k(v) = -25*v - 58. Calculate k(-3).
17
Let q(a) = 4*a - 2. What is q(4)?
14
Let u(f) = f**2 + 18*f + 38. Calculate u(-16).
6
Let m(i) = -i**2 + 11*i - 33. Calculate m(10).
-23
Let u(f) = 6*f + 96. Give u(-15).
6
Let i(p) = -p**2 - 9*p - 11. Calculate i(-6).
7
Let v(j) = -4*j**2 - 4. Give v(2).
-20
Let s(r) = -9*r. What is s(-3)?
27
Let v(w) = -43*w + 219. Calculate v(5).
4
Let x(c) = c**3 - 13*c**2 - 31*c + 17. Give x(15).
2
Let o(h) = h**3 - 9*h**2 - 2*h + 5. Calculate o(9).
-13
Let z(k) = k**3 + 34*k**2 - 111*k + 2. Calculate z(-37).
2
Let q(z) = 2*z - 57. Determine q(18).
-21
Let b(k) = 2*k + 27. Give b(-6).
15
Let r(x) = -x**3 + 5*x**2 - 14*x + 14. What is r(7)?
-182
Let x(r) = 267*r + 1869. What is x(-7)?
0
Let z(c) = c**3 - 13*c**2 + c - 31. Give z(13).
-18
Let q(g) = 31*g - 3. Calculate q(2).
59
Let k(i) = -13*i - 127. Give k(-11).
16
Let h(x) = -11*x + 26. Calculate h(2).
4
Let g(y) = y**3 - 8*y**2 + 4*y - 8. What is g(7)?
-29
Let u(k) = -k**2 - 104*k + 216. Give u(2).
4
Let k(f) = 3*f + 54. Calculate k(-19).
-3
Let c(z) = z**2 + 11*z - 17. Calculate c(-12).
-5
Let c(t) = -3*t + 12. Calculate c(-9).
39
Let l(q) = q**2 - 7*q + 19. Calculate l(8).
27
Let q(h) = h**3 + 2*h**2 - h - 69. Calculate q(0).
-69
Let u(r) = r**2 - 8*r - 66. Give u(13).
-1
Let b(i) = 4*i**2 + 25*i + 8. Determine b(-6).
2
Let h(i) = i + 3. Determine h(8).
11
Let i(q) = -12*q - 107. Give i(-9).
1
Let q(f) = f**3 + 15*f**2 + 26*f + 3. Determine q(-13).
3
Let j(p) = -p**2 + 28*p + 39. What is j(29)?
10
Let u(r) = 4*r - 2. Calculate u(0).
-2
Let i(d) = -d - 24. Determine i(-13).
-11
Let t(i) = i**2 - 17*i + 14. Determine t(12).
-46
Let g(j) = -j**2 + 8*j - 8. Calculate g(6).
4
Let n(a) = 2*a**3 - a**2 + a - 3. Calculate n(3).
45
Let r(u) = -u**2 + 12*u - 36. Give r(10).
-16
Let f(s) = 2*s**2 - 19*s - 1. Give f(9).
-10
Let i(l) = -8*l**2 + 42*l - 7. Calculate i(5).
3
Let r(f) = -11*f - 4. Determine r(4).
-48
Let w(r) = r**3 - 11*r**2 + 4*r - 14. Give w(11).
30
Let q(l) = 3*l + 21. Calculate q(-4).
9
Let n(d) = 3*d**3 + d. Calculate n(1).
4
Let q(f) = -f - 1. Give q(-8).
7
Let t(z) = z**2 + 11*z + 14. Give t(-3).
-10
Let c(q) = -q**2 + 12*q + 1. Calculate c(10).
21
Let c(q) = 2*q**2 - 3*q - 12. What is c(0)?
-12
Let g(v) = -v**3 - 8*v**2 + 5*v - 9. Determine g(-9).
27
Let d(k) = -4*k**3 + k**2 + 2*k + 1. What is d(-1)?
4
Let t(s) = s**2 - 4*s + 1. Give t(3).
-2
Let n(x) = 5*x - 5. What is n(-1)?
-10
Let t(j) = 6*j + 46. Give t(-7).
4
Let z(p) = -3*p - 17. Give z(-16).
31
Let w(r) = -r**2 - 3*r + 36. What is w(-8)?
-4
Let m(c) = -c**2 - 20*c - 92. Give m(-10).
8
Let i(b) = 64*b**3 - b**2 - 5*b + 5. Calculate i(1).
63
Let j(z) = z**2 - 7. What is j(-3)?
2
Let f(k) = -k**3 + 13*k**2 - k + 18. Give